n base 11, what is 2 - -17a4020?
17a4022
In base 13, what is 5 - 152a8c4a?
-152a8c45
In base 15, what is 118b784 + 55?
118b7d9
In base 14, what is -158159 - 5?
-158160
In base 16, what is -43315 + 1?
-43314
In base 14, what is 8b701b6 + 0?
8b701b6
In base 11, what is -132752 - -71?
-132691
In base 8, what is -140251 + 320?
-137731
In base 11, what is -5535 + -2aa7?
-8531
In base 10, what is -2 - 94835?
-94837
In base 9, what is -1806845 - -268?
-1806566
In base 7, what is 2432 - -14110014?
14112446
In base 12, what is 218956 + 12?
218968
In base 2, what is -101000100 + 11001101001100?
11001000001000
In base 5, what is -2 + -44332343300?
-44332343302
In base 9, what is -404418 - -4487?
-388821
In base 12, what is -82 + 17236?
17174
In base 5, what is -113141430343 + 4?
-113141430334
In base 9, what is -14127468 - 50?
-14127528
In base 13, what is -12 - -36cc89?
36cc77
In base 8, what is -131267664 - 5?
-131267671
In base 12, what is -15a3942 - -26?
-15a3918
In base 10, what is 1 - -2142569?
2142570
In base 16, what is 23 + 39dcc?
39def
In base 11, what is 115a1 + 5876?
17367
In base 14, what is 4 + 1a1392b9?
1a1392bd
In base 14, what is -84a0 - 1449?
-9909
In base 8, what is 74335 + 352?
74707
In base 9, what is -5316 - -1504?
-3712
In base 2, what is 11011001011111011111111 + 0?
11011001011111011111111
In base 14, what is b - -dba1a?
dba27
In base 9, what is 35152738 - -2?
35152741
In base 7, what is -12 + 2044460?
2044445
In base 11, what is -10 + -272642?
-272652
In base 3, what is -2000 + -210120111120?
-210120120120
In base 8, what is -466 + -113237?
-113725
In base 13, what is 34 + -5645b?
-56427
In base 11, what is -75a4 - 2a05?
-a4a9
In base 7, what is -131022 - 112?
-131134
In base 10, what is -1187721 + -17?
-1187738
In base 4, what is 2 - -1303021202?
1303021210
In base 8, what is -4754617 + 54?
-4754543
In base 16, what is -cfc + 5172?
4476
In base 15, what is 1 - -1161ca3?
1161ca4
In base 16, what is 2 + 227a43?
227a45
In base 3, what is -12 - -11221200022?
11221200010
In base 8, what is -31057 + 22?
-31035
In base 11, what is 380 - -13122?
134a2
In base 13, what is 838 + 59190?
599c8
In base 4, what is 2322022 + -100232033?
-31310011
In base 4, what is 10122020320122 - 10?
10122020320112
In base 12, what is 9a0a5365 - 5?
9a0a5360
In base 8, what is -3300 + 12601?
7301
In base 5, what is -4432213 - 31?
-4432244
In base 15, what is 7de5b6 + 3?
7de5b9
In base 12, what is -a941 - 5519?
-1425a
In base 11, what is 25722570 - 2?
25722569
In base 4, what is 203 + 30011122223?
30011123032
In base 11, what is 3799133 - -5?
3799138
In base 10, what is 24 - 8866015?
-8865991
In base 6, what is 2 - 252251150?
-252251144
In base 12, what is 5 + 4072539?
4072542
In base 9, what is -2756562306 + 3?
-2756562303
In base 14, what is 7 + 6960c1?
6960c8
In base 16, what is 2d0d13 + 5?
2d0d18
In base 14, what is d063 + 1aa?
d22d
In base 9, what is -126 - -151522?
151385
In base 2, what is -1001100101100001 + -101001010?
-1001101010101011
In base 16, what is 107011 - 0?
107011
In base 2, what is -111101001111000010 + 1011001010?
-111101000011111000
In base 12, what is -65 + 240b?
2366
In base 8, what is 421052076 - 2?
421052074
In base 8, what is 34 + 22647231?
22647265
In base 2, what is -11111 + -11011001001101?
-11011001101100
In base 2, what is 101100011110 + 101100111110010?
110010100010000
In base 10, what is -1 - -106674603?
106674602
In base 14, what is -3 - 11b751?
-11b754
In base 13, what is -46ab + 1?
-46aa
In base 13, what is 5766 + 4353?
9ab9
In base 11, what is -4 - 272a5447?
-272a5450
In base 7, what is 646200 - 10?
646160
In base 9, what is 1351648 - -38?
1351687
In base 2, what is -110011 + -10110101000001000?
-10110101000111011
In base 6, what is -320331 + 113024?
-203303
In base 3, what is -2 + 10100221021221102?
10100221021221100
In base 4, what is -213 + -303333?
-310212
In base 13, what is -b56b9 - -121?
-b5598
In base 9, what is 2311 - -206428?
208740
In base 10, what is -109088794 + -2?
-109088796
In base 12, what is -7b4b - 4?
-7b53
In base 16, what is -9e549 + 5?
-9e544
In base 2, what is -10111111111 - 11001010000010?
-11100010000001
In base 10, what is -7498 - -2349?
-5149
In base 11, what is 2 + -4825887?
-4825885
In base 4, what is 10320131200 + 3112?
10320200312
In base 6, what is 1354154432 - -5?
1354154441
In base 9, what is -2 - 4244318?
-4244321
In base 2, what is 10 + -1000101111111111110000?
-1000101111111111101110
In base 11, what is 287667a - -2?
2876681
In base 10, what is -28456 - 22862?
-51318
In base 5, what is -2123041 - -20044?
-2102442
In base 16, what is 12a1440 + -34?
12a140c
In base 7, what is -621 + 160501?
156550
In base 15, what is 1765d4d - -1?
1765d4e
In base 5, what is 4044433341 - -4?
4044433400
In base 16, what is 1e2b33e + 2?
1e2b340
In base 8, what is -204214 - 420?
-204634
In base 10, what is -1795 - -474825?
473030
In base 4, what is -200201312031 - 0?
-200201312031
In base 13, what is -155 + -4acc?
-4c54
In base 12, what is 21a24 - -4375?
26199
In base 14, what is 7b23 - -24b4?
a1d7
In base 3, what is 11011021012201 - -22?
11011021020000
In base 9, what is 102073141 - 0?
102073141
In base 7, what is 561654 - -6245?
601232
In base 14, what is -1 - bbcabc7?
-bbcabc8
In base 13, what is -12b232a + 5?
-12b2325
In base 9, what is -154643 + -7185?
-162838
In base 14, what is -2855d53 - 3?
-2855d56
In base 2, what is 110010110100110110000101110111 + -10?
110010110100110110000101110101
In base 8, what is 551317 - -216?
551535
In base 8, what is -1 + 1177627?
1177626
In base 8, what is 617541 - -46?
617607
In base 5, what is -24 + 1123324402?
1123324323
In base 8, what is -25 - 5162205?
-5162232
In base 7, what is -305 - 1531302?
-1531610
In base 5, what is 32312242340 + 0?
32312242340
In base 5, what is -4111020110 - 2?
-4111020112
In base 13, what is -754 - 5bb0?
-6634
In base 4, what is 1003111 + 1012?
1010123
In base 11, what is -60953 + -7789?
-68631
In base 3, what is 200010221122102001 + 1?
200010221122102002
In base 5, what is 14033 + 12324210?
12343243
In base 10, what is -3 - -12887412?
12887409
In base 6, what is 221535250 + 1?
221535251
In base 13, what is c5964 + -305?
c565c
In base 8, what is -5605 - 252624?
-260431
In base 4, what is 33212332 + 230221?
100103213
In base 15, what is -1 + 1a1615?
1a1614
In base 3, what is -2121120 + -1102201?
-11001021
In base 3, what is -20011020012111 + 2?
-20011020012102
In base 11, what is 786 + -1839?
-1063
In base 16, what is 49 + -a9828?
-a97df
In base 2, what is -1000100001110110 - -101100010000011?
-10111111110011
In base 3, what is -20121211012 - -1012?
-20121210000
In base 6, what is -205315 + 1003?
-204312
In base 6, what is 1 - 525300151?
-525300150
In base 2, what is 1001111110001000 - -10011010101?
1010010001011101
In base 6, what is 0 + -1310235442?
-1310235442
In base 5, what is 3414 - 224224120?
-224220201
In base 9, what is -2 + 5326171?
5326168
In base 11, what is 75 - -71683?
71748
In base 15, what is 666 - 60d8?
-5972
In base 5, what is 2 + -22331230123?
-22331230121
In base 4, what is -2201323 + 30101?
-2111222
In base 15, what is 2 + 2031976?
2031978
In base 3, what is 1 - -11100101102112?
11100101102120
In base 9, what is -35150710 + -1?
-35150711
In base 16, what is 1 - -16b61b4?
16b61b5
In base 3, what is 110 - 1100020011211220?
-1100020011211110
In base 6, what is -42430 - 3355?
-50225
In base 11, what is -7aa + 5458?
4759
In base 11, what is -50 + -510279?
-510319
In base 7, what is -550 + 405204?
404324
In base 9, what is 70440 + -407?
70032
In base 6, what is -25 - 104422143?
-104422212
In base 8, what is -12755 + 14343?
1366
In base 13, what is -1 - -223342c?
223342b
In base 11, what is 425a411 + -13?
425a3a9
In base 9, what is -18 + -1433514?
-1433533
In base 13, what is -77bab + -615?
-784c3
In base 6, what is -1003 + 2432315?
2431312
In base 6, what is 2120 - -1321143?
1323303
In base 10, what is -5 - 25702261?
-25702266
In base 6, what is -3001111 + 51243?
-2505424
In base 3, what is 121102 - -122101000?
122222102
In base 5, what is 110 + 4020344?
4021004
In base 10, what is -4 - -8601296?
8601292
In base 10, what is 798 + 54964?
55762
In base 10, what is -5 - 2741468?
-2741473
In base 15, what is 18 - -27b7e?
27b9